e remainder when 29 is divided by -10*(-3)/9*o.
9
Let j(g) = -g**3 + 2*g**2 + 3*g - 2. Let w be j(4). What is the remainder when w/(-6) + 2/6 is divided by ((-4)/6)/(1/(-3))?
0
Suppose 8*k - 39 = 89. What is the remainder when k is divided by ((-18)/10)/(1/(-5))?
7
Let n(h) = -h + 4*h + 0*h + 3*h + 3*h**2. Calculate the remainder when n(-5) is divided by 23.
22
Let b(w) = w**3 + 7*w**2 + 4*w + 7. Let i be 4/((12/(-15))/2). Let n(u) = u**2 + 7*u - 11. Calculate the remainder when b(-5) is divided by n(i).
18
Let b be 8/2 - (-1 - 2). Suppose 0 = -b*z + 2*z + 15. What is the remainder when 3 is divided by z?
0
Suppose 2*c - 37 = -5. What is the remainder when 29 is divided by c?
13
Let f be -3 + (0 + -1 - -43). Suppose -2*z + g + 54 = -f, z = 5*g + 51. Calculate the remainder when z is divided by 12.
10
Let j = -2 - -2. Suppose j*d = 2*d. Suppose d = 3*n - 80 + 23. What is the remainder when n is divided by 10?
9
Suppose -5*t + 28 = -147. Let w = 61 - t. What is the remainder when w is divided by (-912)/(-64) - (1 + 6/(-8))?
12
Suppose 0 = 6*w + 2*w - 80. What is the remainder when 29 is divided by w?
9
Suppose -4*o + 4 = -76. Calculate the remainder when o is divided by (-35)/(-15)*1*3.
6
Let p be 68/((-2)/(3 - 4)). Suppose -p = -h + 5*k, -h - 3*k + 9 = -1. What is the remainder when 56 is divided by h?
18
Let u(m) = -m**3 + 4*m**2 - 4. Let a be u(4). Let c be 120*(2 - (-6)/a). Suppose -6*h + c = -h. Calculate the remainder when 35 is divided by h.
11
Let z(h) = -h**2 + h + 2. Let d be z(0). Suppose -27 = -s - d*s. Calculate the remainder when 34 is divided by s.
7
Suppose b = -3*h + 16, -2*b + 2*h = -0*b. Suppose b*u - u = -2*o + 50, -16 = -4*o. What is the remainder when 54 is divided by u?
12
Let t be 585/6*(-8)/(-10). Suppose -12 = 3*f - t. Calculate the remainder when 64 is divided by f.
20
Let k(o) = -o**2 + 8*o + 8. Let b be k(9). Let g = b - -3. Suppose -g - 32 = -f. What is the remainder when f is divided by 12?
10
Suppose 0 = 2*r + r - 177. Suppose 4*i + r = z, -4*i + 97 + 79 = 4*z. Calculate the remainder when z is divided by 0/(-1) - (2 + -14).
11
Let s be ((-2)/(-7))/(8/112). Suppose -s*z + 117 = -z. What is the remainder when z is divided by 10?
9
Suppose l = -4*l. Let u = l + 5. What is the remainder when 13 is divided by u?
3
Suppose 0 = 2*q + 2*s - 17 - 23, s - 71 = -4*q. Calculate the remainder when 66 is divided by q.
15
Let p = -2 - -1. Let s = 26 + -14. Calculate the remainder when -17*(-1 + 0 + p) is divided by s.
10
Suppose -7*o + 17*o - 110 = 0. What is the remainder when 16 is divided by o?
5
Suppose 6*s - 112 = 2*s. Suppose 3*n = 2*k - 2 - 22, 4*n = 2*k - s. Calculate the remainder when 17 is divided by k.
5
Suppose -4*g - g + 20 = 5*n, -5*n = -2*g - 20. Suppose 4*v - 34 - 25 = -5*o, 4*v - o - 65 = g. What is the remainder when (-7 - -7) + 53 + -8 is divided by v?
13
Suppose -21 = -2*r + 61. Calculate the remainder when r is divided by 11.
8
Let y be (-70)/9 + 4/(-18). Let p(z) = -10*z - 11. What is the remainder when p(y) is divided by 18?
15
Let y be (-32)/20*(-25)/(-2). Let j be 1 + y + 1/1. Let r = -7 - j. What is the remainder when r is divided by 4?
3
Let k be (1 + 0)/5*5. Let w be k*(-3)/(6/22). Let l = w + 16. What is the remainder when l is divided by 3?
2
Let x be (-6)/(-15) - 12/5. Let q = 9 + x. Let m(w) = -w**2 + 10*w - 6. What is the remainder when 29 is divided by m(q)?
14
Suppose -3*k + 2*a = -3*a + 11, 0 = -5*k - 4*a + 31. Suppose -k*w + 2*w + 26 = 0. Calculate the remainder when w is divided by 9.
8
Let b be 1 + 3/3 + 2. Let i(f) = 19 + b*f - 3*f + 9 + f**2. What is the remainder when i(0) is divided by 10?
8
Calculate the remainder when 12 is divided by (-1)/(3 - 22/7).
5
Let k = 46 - 13. Calculate the remainder when k is divided by 12.
9
What is the remainder when 7 is divided by (18/(-15))/(-4*4/40)?
1
Suppose 0 = a - 5 - 1. What is the remainder when 69 is divided by a?
3
Let q(w) = -w**2 - 8*w + 6. Suppose -2*k = k + 24. Calculate the remainder when 10 is divided by q(k).
4
Suppose 0 = -10*r + 7*r - 156. What is the remainder when ((-3)/2)/((-6)/128) is divided by (-8)/r + (-438)/(-26)?
15
Let w be 3*(-3)/(0 + -3). Suppose -3*a = -96 + w. Calculate the remainder when a is divided by 11.
9
Suppose 2*q + 2*x - 6 - 16 = 0, -5*q - 3*x = -47. Let b(z) = z**2 + 11*z + 27. Calculate the remainder when b(-11) is divided by q.
6
Let h(j) = j**3 - 12*j**2 - 13*j + 5. Calculate the remainder when 22 is divided by h(13).
2
Suppose 0 = 2*s + 6 - 14. Suppose -x - j + 36 = 0, 3*j = s*x + j - 138. What is the remainder when x is divided by 12?
11
Suppose -5*j - 11 = -4*t - 0*j, 0 = 2*t + 3*j - 33. Calculate the remainder when t is divided by 5.
4
Suppose 2*g = -0*g + 2. Suppose -g = 4*c - 33. Calculate the remainder when 14 is divided by c.
6
Let n = 21 - 0. What is the remainder when 35 is divided by n?
14
Let t(o) = 7*o**3 - o**2 + 1. Let i be -4*2/(-4)*-2. Let j(l) = l**3 + 4*l**2 + 1. Let w be j(i). What is the remainder when 27 is divided by t(w)?
6
Suppose y = -2*m + 39, -m - 79 = -5*m - 3*y. Let g = -25 + 62. Calculate the remainder when g is divided by m.
18
Let s = 16 - 14. Suppose s*g = 5*n + 40, 0 = -2*g + 4*n + 40 - 2. What is the remainder when 27 is divided by g?
12
Suppose 2*p - 5 = 31. What is the remainder when 23 is divided by p?
5
Let c = 4 - 0. Calculate the remainder when (26 - 1)*(c - 2) is divided by 17.
16
Suppose 3*y - 2*d = d + 45, 0 = -4*y - 4*d + 76. Calculate the remainder when 66 is divided by y.
15
Let s(u) = -u**3 - 13*u**2 - 3*u - 3. What is the remainder when 105 is divided by s(-13)?
33
Let n be (-7 + 6)/(1/(-55)). Let z = n + -27. Calculate the remainder when z is divided by 15.
13
Let a(i) = 30*i + 1. Let j = -11 + 3. What is the remainder when a(1) is divided by (-54)/(-5) + j/(-40)?
9
Suppose 5*k = -2*r + 143, 0 = -3*k + 3*r - 0*r + 90. What is the remainder when (-1)/2*172*-1 is divided by k?
28
Suppose u - 7 + 1 = 0. Calculate the remainder when 10 is divided by u.
4
Suppose -5*r + 4*r = -1. Suppose k - 2 = r, 3*k = -4*j + 81. Suppose -5*o + 3*g + 47 = 0, o = 6*g - g + 5. Calculate the remainder when j is divided by o.
8
Let c = -7 - -20. What is the remainder when 22 + (1 - 1) - -2 is divided by c?
11
Let s(u) = -u**2 - 2*u + 17. Suppose -2*o + 130 = 3*m - 6*o, -5*o = -5*m + 225. Calculate the remainder when m is divided by s(0).
16
Suppose w - 3*w + 6 = -3*b, 3*b - 6 = 0. Suppose -33 = -x - w. What is the remainder when x is divided by (-2)/(-3) + 80/6?
13
Let f(o) = o**3 + 8*o**2 + 3*o + 2. Let m = 6 + -12. What is the remainder when f(m) is divided by 19?
18
Calculate the remainder when 61 is divided by 15 + 2 + 0 + -1.
13
Let s = -27 - -48. Calculate the remainder when 897/s - (-8)/28 is divided by 11.
10
Let o(j) = j**3 + 6*j**2 + 5*j + 5. Let r be o(-5). Suppose 0 = -0*i + r*i + 20. Let h(w) = -13*w - 5. Calculate the remainder when h(i) is divided by 12.
11
Suppose 0*y = -y + 104. Let f = y - 63. What is the remainder when f is divided by 22?
19
Let l(o) = -o**2 - 6*o + 2. Let c be l(-6). Suppose c*w + 40 = 7*w. Suppose w = -3*u + 26. Calculate the remainder when 17 is divided by u.
5
Suppose p - 42 = 3. Suppose 4 - 16 = -u. Calculate the remainder when p is divided by u.
9
Let i be 2/(-3) - 96/18. Let k(r) = r**3 + 8*r**2 + 9*r + 5. Calculate the remainder when k(i) is divided by 8.
7
Suppose 3*l + 20 = 89. Suppose -3*s + z - 70 = -5*s, z - 34 = -s. Suppose -2*w + s = w. What is the remainder when l is divided by w?
11
Let k = 3 + -1. What is the remainder when (32/12)/(6/9) is divided by k?
0
Calculate the remainder when 29 is divided by 0/(-21) + 0 + 17.
12
Suppose g - 10 = 4*x, 2*g = 3*g + 4*x - 26. Calculate the remainder when 23 is divided by g.
5
Calculate the remainder when 57 is divided by (-3 + 1/2)*-8.
17
Let j(n) = 12*n - 72. Calculate the remainder when j(8) is divided by 6.
0
Suppose -10*q = -12*q + 4. Suppose d + q*d = 201. What is the remainder when d is divided by 17?
16
What is the remainder when 81 is divided by (-10)/(-95) + (-1320)/(-95)?
11
What is the remainder when (58/(-8))/((-7)/28) is divided by 15?
14
Suppose 3*t - 4*v = -28, -3*v - 4 = 4*t - 0*v. Calculate the remainder when 9 is divided by ((-2)/(-1))/((-2)/t).
1
Suppose y = 4, -3